e number?
True
Suppose -187*t + 175*t = 56664. Is (3*t/36)/((-2)/4) a prime number?
True
Suppose -f + 5 = -4*a, -4*f = -2*a + f - 25. Suppose 4*p + 4*s - 2*s - 1680 = 0, a = 3*p + 2*s - 1258. Is p composite?
True
Let t(a) = 271*a**2 + 61*a + 905. Is t(-14) composite?
True
Suppose -54*y + 14 = -52*y. Let o(n) = 10*n**2 - 3 - 10*n + 1 - 9*n. Is o(y) composite?
True
Let s = 296 + -294. Suppose 2*q + 5*d - d - 438 = 0, -s*d + 430 = 2*q. Is q composite?
False
Let s(b) = -365*b + 8331. Is s(-74) a prime number?
False
Let x = -14 - -12. Let n be x/7 - (-3)/(63/43770). Suppose 676 = -4*s - 4*r + 2760, 4*s = 5*r + n. Is s a composite number?
False
Let l = 209 + -210. Let r(c) = -c**2 - 2 + 2*c**2 - 2*c - c**2 - 134*c**3. Is r(l) a composite number?
True
Suppose 5*s + 2*n - 1545553 = 0, -25*s + 29*s = -n + 1236446. Is s composite?
True
Is 60/(-8) + 640450239/174 a prime number?
True
Let h(x) = -2075*x**3 + 4*x**2 - 4*x - 5. Let r be h(-2). Let g = r + -5406. Is g a prime number?
True
Suppose -19*k + 34 = -42. Suppose -w + 3*q + 895 = 0, -4*w + 3648 = 9*q - k*q. Is w prime?
True
Suppose 5*n = 3*f + 597869, -n = 52*f - 55*f - 597865. Is 1*4/14 - f/56 prime?
True
Let d(a) be the second derivative of -137*a**3/3 + 87*a**2/2 - 15*a + 2. Is d(-16) composite?
True
Let x(b) = -2*b**2 + 24*b + 2. Let o be x(12). Let h = 16 + o. Let t(k) = k**2 + 3*k + 1. Is t(h) prime?
True
Let g(x) = x + 33. Let f be g(-17). Let h be (0 - 34)*(-4248)/f. Suppose -3*k - h - 735 = -3*r, 3*k - 6493 = -2*r. Is r prime?
True
Let m = 17 - 17. Suppose m = 3*l + 4*g - 72, -16 = -2*l + 4*g + 12. Suppose -3895 = -l*c + 15*c. Is c composite?
True
Let u = -38 - -39. Let v be (-8)/(-2) - (6 - u). Is ((-5743)/(-4) - -3) + v/(-4) composite?
False
Let b(q) = -120*q - 326*q + 204*q + 175 - 360*q. Is b(-17) a prime number?
False
Let t be (3/2 - (-2)/(-4)) + 70176. Suppose -8*n = -223065 + t. Is n a composite number?
True
Suppose 5*a - 52 = -3*g + 6*a, 2*a = 10. Suppose 4*u + 34995 = g*u. Is u prime?
True
Let q be 529 + (6/18)/(2/30). Let d = q - -617. Is d composite?
False
Let q(s) be the third derivative of -s**6/120 - s**5/10 + 7*s**4/24 + 19*s**3/6 + s**2. Let p = 30097 + -30104. Is q(p) prime?
True
Suppose 219*t + 159*t - 47383689 = 111*t. Is t prime?
True
Suppose 15644 = 4*u - 4*g, -5*u - g = g - 19541. Suppose 4*r + 2*j - u - 1861 = 0, 2*j - 2888 = -2*r. Is r a composite number?
True
Let c(j) = -364*j + 643. Is c(-4) a prime number?
True
Let j(i) = 459*i - 678. Is j(15) a prime number?
False
Let b(o) = 15678*o + 3671. Is b(7) a prime number?
True
Let g(t) = -t**3 + 5*t**2 - 3*t - 4. Let z be g(2). Suppose z*s - 14077 = s. Is s prime?
False
Let n(g) = -624*g - 596*g - 48 + 345*g. Is n(-9) prime?
False
Let a = 15614 + -9871. Let m = a - 420. Is m prime?
True
Let j = -742 + 1217. Let h = j + 2046. Is h prime?
True
Let b(h) = 6*h - 112. Let g be b(18). Is ((-2)/(-4))/(g/(-24104)) composite?
True
Let s(b) = -10*b**3 - 12*b**2 - 2*b + 10. Let y be 9 - (-1 + 4/1). Let r(n) = 11*n**3 + 13*n**2 + 3*n - 10. Let m(c) = y*s(c) + 5*r(c). Is m(-7) prime?
True
Suppose x + 53*p = 54*p + 31176, -12 = -12*p. Is x prime?
True
Let n be (0 + 3366)/(8 - 7). Let u = n + -2275. Suppose -u = -5*o + 1479. Is o a prime number?
False
Suppose -2*c = r + 42 - 16, -4*r = -4*c - 40. Let u(x) = x + x**2 + 1 + 2*x**2 - 2. Is u(c) composite?
False
Let m(r) be the third derivative of 23*r**4/4 - 2*r**3/3 - 7*r**2. Let k be m(-4). Let t = -117 - k. Is t prime?
True
Let r(v) = -6 - 13 - 2*v**2 - 21*v + 0*v**2 - 10. Let z be r(-8). Let d(k) = 189*k + 74. Is d(z) prime?
True
Suppose -3*g - 104847 = -3*h, h + 4*g = 31970 + 2979. Is h a composite number?
False
Let g(u) = 985*u - 15. Let x be (-3 - -2)*(-4 + -3 - -2). Let j be g(x). Suppose -129 = -p + j. Is p composite?
False
Let l be (-10)/3*(-10 - -7) - 5. Suppose 1002 = g - l*r - 694, -5*r + 5028 = 3*g. Is g composite?
True
Suppose 4*f - 5*l = 28, l = -0*l + 4. Is (-3)/(-9)*-10*(-2286)/f composite?
True
Let n(l) = 5*l**2 + 13*l + 11. Let r(h) = -h**3 + 6*h**2 - 2*h - 5. Let s be r(5). Is n(s) a prime number?
True
Suppose 598*k - 595*k = -5*w + 76539, 0 = -2*k + 3*w + 51064. Is k a prime number?
True
Let q(g) = 5*g**3 + 6*g**2 - 5*g - 26. Let y be q(-8). Is y/(-4) + 63/14 + -4 a composite number?
False
Is 37221*(1/5)/((-321)/(-535)) a composite number?
True
Let f be ((-44)/33)/(2/(-6)). Let h(d) = 189*d + 29. Is h(f) prime?
False
Suppose 0 = 35*u - 30 - 75. Suppose u*p - 7*p + 28492 = 0. Is p composite?
True
Let i = 3186 + 12204. Let r = i + -10831. Is r a composite number?
True
Let o(j) = 3*j**2 - 7*j + 1. Let t be (-8)/(8/2) - -6. Suppose t*g - 9*g - 85 = 4*i, -2*i = -2*g + 20. Is o(i) prime?
False
Let t(h) = 2*h**3 - 22*h**2 + 19*h + 44. Is t(15) a composite number?
False
Let q = -108699 - -190642. Is q prime?
True
Let v = -252 + 139. Let j = -113 - v. Is j - ((-51792)/15 + 3/(-15)) prime?
False
Let t = 21773 - 12635. Suppose -16*v = t - 95650. Suppose -3*g - 2*k = -v, 5*g - k - 9007 = -2*k. Is g prime?
True
Let n(l) = 58536*l + 5209. Is n(9) a prime number?
True
Let n be 6172/(-11)*(-4 + (-39)/26). Suppose -4*k - 3*i + 7666 = 0, 4*k + 2*i = 5*k - 1911. Let m = n - k. Is m composite?
False
Suppose -8*y = -4*y - 4*m - 20, -3*m + 27 = 3*y. Let t(w) = -3*w - 4*w**2 + y*w - 2*w + 88*w**2 + 1. Is t(-1) a prime number?
True
Let w = -12 + 6. Let f(o) = -2*o - 7. Let k be f(w). Is (950/125)/(2/k) a prime number?
True
Is (((2 + -1)*-1)/(-3))/((-10)/(-717870)) a composite number?
False
Let t(l) = -2*l**3 - 15*l**2 - 6*l - 39. Let f be t(-10). Suppose k - f = 636. Is k a composite number?
True
Suppose -4*f + 6689969 = 9*a, a - 5*f - 615794 = 127574. Is a a prime number?
True
Let q(k) = -3*k**3 - 14*k**2 - 15*k + 73. Is q(-14) a prime number?
False
Suppose 0*l - l = 3*m - 11, l = -m + 5. Let u(j) = -1 - 22*j - 31*j**l - 11*j + 15*j - 3*j**3. Is u(-13) a composite number?
True
Let k(q) = -57 - 1628*q - 1181*q - 574*q + 576*q. Is k(-2) a composite number?
False
Let n = -19645 + 87548. Is n composite?
True
Let x(u) = -3*u**3 + 12*u**2 + 1013*u - 179. Is x(-42) a composite number?
True
Let i(p) = 113*p**3 - 11*p**2 + 8*p + 12. Let n be i(9). Suppose -57*f - n = -4*j - 55*f, 101966 = 5*j + f. Is j a composite number?
False
Let l(o) = 200*o - 193*o + 32 + 0. Let c be l(-4). Is 398 - (c + (-5 - -4)) prime?
False
Let n(r) = -236*r**3 - 19*r - 7*r**2 + 0*r**2 + 9 + 5*r**3 - 3*r**2. Is n(-4) a prime number?
False
Suppose -4 = 9*y - 10*y. Suppose 4*i + 2*g - 2 = 2*i, -y*g - 8 = 2*i. Suppose 5*u - t = 746, 2*u - 291 = -t + i. Is u prime?
True
Let d = -3427 + 5267. Let o = d - 252. Suppose 2*h - o = 642. Is h prime?
False
Let o = 1091127 + -642476. Suppose 12*a = -120463 + o. Is a prime?
False
Suppose 0 = -4*v - 0*v - 5*l + 107709, -2*v + 53857 = 3*l. Is v composite?
False
Let x(n) = 40127*n - 1479. Is x(26) a composite number?
False
Suppose -2 = 4*x - 50. Let d(n) = 13 - 30*n**3 + 59*n**3 - 28*n**3 + 3*n. Is d(x) a prime number?
True
Suppose 37*k = 25*k. Suppose 8*q - 6*q - 754 = k. Is q prime?
False
Suppose -89*u + 90*u - 10044 = 0. Suppose -3*k + 22395 = -b, 5*k + 4*b = u + 27298. Is k composite?
True
Let p be ((-3)/4)/(1 + 15/(-20)). Let z(q) = -31*q**3 + 6*q**2 - 3*q + 1. Is z(p) a composite number?
True
Suppose -4*j + 8*j + 7932 = 3*c, 2628 = c + 4*j. Suppose 0 = -5*w + u + c, 2*w + u - 2650 = -3*w. Is w a prime number?
False
Let o = 79866 - -280213. Is o composite?
True
Suppose 5*q = 4*d - 6*d - 199, -d - 62 = -5*q. Let l = d - -200. Let c = 8 + l. Is c a composite number?
True
Suppose -4*y + 49856 = 127088. Is y/(-10) - 5/(-25) a composite number?
False
Let i be -917 + 20/50*25. Suppose 4*x = 0, -2*j + 2942 + 1198 = 3*x. Let p = j + i. Is p a composite number?
False
Suppose -m - 9*c + 6*c = -13523, -m + c = -13543. Suppose -2*s + 48852 = m. Is s a composite number?
False
Suppose 67*z - 5*z = 101866. Let i be 8/10*6645/6. Let o = z - i. Is o prime?
True
Suppose -351687 = -t - 5*a, -4*a = 68*t - 74*t + 2110190. Is t a composite number?
True
Let y(h) = -5311*h**3 + 3*h**2 + 8*h + 3. Is y(-1) a composite number?
False
Let n = 4817 - -596. Is n composite?
False
Suppose -21*u - 9*u + 1117827 = -3*u. Is u a composite number?
True
Let m = -11769 - -20996. Is m composite?
False
Suppose 0 = 2*i + 4